{"id":175,"date":"2026-04-16T20:12:59","date_gmt":"2026-04-16T20:12:59","guid":{"rendered":"https:\/\/solicitecondominial.com.br\/?page_id=175"},"modified":"2026-04-16T20:37:29","modified_gmt":"2026-04-16T20:37:29","slug":"anunciar","status":"publish","type":"page","link":"https:\/\/solicitecondominial.com.br\/?page_id=175","title":{"rendered":"Anunciar"},"content":{"rendered":"\t\t<div data-elementor-type=\"wp-page\" data-elementor-id=\"175\" class=\"elementor elementor-175\">\n\t\t\t\t\t\t<section class=\"elementor-section elementor-top-section elementor-element elementor-element-8e4ea1c elementor-section-boxed elementor-section-height-default elementor-section-height-default\" data-id=\"8e4ea1c\" data-element_type=\"section\" data-e-type=\"section\" data-settings=\"{&quot;background_background&quot;:&quot;classic&quot;}\">\n\t\t\t\t\t\t<div class=\"elementor-container elementor-column-gap-default\">\n\t\t\t\t\t<div class=\"elementor-column elementor-col-50 elementor-top-column elementor-element elementor-element-92ae4a7\" data-id=\"92ae4a7\" data-element_type=\"column\" data-e-type=\"column\">\n\t\t\t<div class=\"elementor-widget-wrap elementor-element-populated\">\n\t\t\t\t\t\t<div class=\"elementor-element elementor-element-c128487 elementor-widget-tablet__width-initial elementor-widget-mobile__width-initial elementor-widget__width-initial elementor-widget elementor-widget-image\" data-id=\"c128487\" data-element_type=\"widget\" data-e-type=\"widget\" data-widget_type=\"image.default\">\n\t\t\t\t<div class=\"elementor-widget-container\">\n\t\t\t\t\t\t\t\t\t\t\t\t\t\t\t\t<a href=\"https:\/\/solicitecondominial.com.br\">\n\t\t\t\t\t\t\t<img fetchpriority=\"high\" decoding=\"async\" width=\"300\" height=\"225\" src=\"https:\/\/solicitecondominial.com.br\/wp-content\/uploads\/2026\/04\/logo-solicite-02-300x225.png\" class=\"attachment-medium size-medium wp-image-20\" alt=\"\" srcset=\"https:\/\/solicitecondominial.com.br\/wp-content\/uploads\/2026\/04\/logo-solicite-02-300x225.png 300w, https:\/\/solicitecondominial.com.br\/wp-content\/uploads\/2026\/04\/logo-solicite-02-1024x768.png 1024w, https:\/\/solicitecondominial.com.br\/wp-content\/uploads\/2026\/04\/logo-solicite-02-768x576.png 768w, https:\/\/solicitecondominial.com.br\/wp-content\/uploads\/2026\/04\/logo-solicite-02.png 1200w\" sizes=\"(max-width: 300px) 100vw, 300px\" \/>\t\t\t\t\t\t\t\t<\/a>\n\t\t\t\t\t\t\t\t\t\t\t\t\t\t\t<\/div>\n\t\t\t\t<\/div>\n\t\t\t\t\t<\/div>\n\t\t<\/div>\n\t\t\t\t<div class=\"elementor-column elementor-col-50 elementor-top-column elementor-element elementor-element-8aba685\" data-id=\"8aba685\" data-element_type=\"column\" data-e-type=\"column\">\n\t\t\t<div class=\"elementor-widget-wrap elementor-element-populated\">\n\t\t\t\t\t\t<div class=\"elementor-element elementor-element-3881e72 elementor-nav-menu__align-left elementor-nav-menu--dropdown-mobile elementor-nav-menu__text-align-center elementor-nav-menu--toggle elementor-nav-menu--burger elementor-widget elementor-widget-nav-menu\" data-id=\"3881e72\" data-element_type=\"widget\" data-e-type=\"widget\" data-settings=\"{&quot;layout&quot;:&quot;horizontal&quot;,&quot;submenu_icon&quot;:{&quot;value&quot;:&quot;&lt;i class=\\&quot;fas fa-caret-down\\&quot;&gt;&lt;\\\/i&gt;&quot;,&quot;library&quot;:&quot;fa-solid&quot;},&quot;toggle&quot;:&quot;burger&quot;}\" data-widget_type=\"nav-menu.default\">\n\t\t\t\t<div class=\"elementor-widget-container\">\n\t\t\t\t\t\t\t\t<nav migration_allowed=\"1\" migrated=\"0\" role=\"navigation\" class=\"elementor-nav-menu--main elementor-nav-menu__container elementor-nav-menu--layout-horizontal e--pointer-none\">\n\t\t\t\t<ul id=\"menu-1-3881e72\" class=\"elementor-nav-menu\"><li class=\"menu-item menu-item-type-post_type menu-item-object-page menu-item-246\"><a href=\"https:\/\/solicitecondominial.com.br\/?page_id=206\" class=\"elementor-item\">Licita\u00e7\u00f5es<\/a><\/li>\n<li class=\"menu-item menu-item-type-custom menu-item-object-custom menu-item-51\"><a href=\"#\" class=\"elementor-item elementor-item-anchor\">Loja<\/a><\/li>\n<li class=\"menu-item menu-item-type-post_type menu-item-object-page menu-item-161\"><a href=\"https:\/\/solicitecondominial.com.br\/?page_id=148\" class=\"elementor-item\">Quem Somos<\/a><\/li>\n<li class=\"menu-item menu-item-type-post_type menu-item-object-page menu-item-247\"><a href=\"https:\/\/solicitecondominial.com.br\/?page_id=212\" class=\"elementor-item\">Expo Condominial<\/a><\/li>\n<li class=\"menu-item menu-item-type-post_type menu-item-object-page menu-item-248\"><a href=\"https:\/\/solicitecondominial.com.br\/?page_id=221\" class=\"elementor-item\">ECB<\/a><\/li>\n<li class=\"menu-item menu-item-type-post_type menu-item-object-page menu-item-185\"><a href=\"https:\/\/solicitecondominial.com.br\/?page_id=175\" class=\"elementor-item\">Anunciar<\/a><\/li>\n<li class=\"menu-item menu-item-type-post_type menu-item-object-page menu-item-249\"><a href=\"https:\/\/solicitecondominial.com.br\/?page_id=233\" class=\"elementor-item\">Campanhas<\/a><\/li>\n<\/ul>\t\t\t<\/nav>\n\t\t\t\t\t<div class=\"elementor-menu-toggle\" role=\"button\" tabindex=\"0\" aria-label=\"Menu Toggle\" aria-expanded=\"false\">\n\t\t\t<i aria-hidden=\"true\" role=\"presentation\" class=\"elementor-menu-toggle__icon--open eicon-menu-bar\"><\/i><i aria-hidden=\"true\" role=\"presentation\" class=\"elementor-menu-toggle__icon--close eicon-close\"><\/i>\t\t\t<span class=\"elementor-screen-only\">Menu<\/span>\n\t\t<\/div>\n\t\t\t<nav class=\"elementor-nav-menu--dropdown elementor-nav-menu__container\" role=\"navigation\" aria-hidden=\"true\">\n\t\t\t\t<ul id=\"menu-2-3881e72\" class=\"elementor-nav-menu\"><li class=\"menu-item menu-item-type-post_type menu-item-object-page menu-item-246\"><a href=\"https:\/\/solicitecondominial.com.br\/?page_id=206\" class=\"elementor-item\" tabindex=\"-1\">Licita\u00e7\u00f5es<\/a><\/li>\n<li class=\"menu-item menu-item-type-custom menu-item-object-custom menu-item-51\"><a href=\"#\" class=\"elementor-item elementor-item-anchor\" tabindex=\"-1\">Loja<\/a><\/li>\n<li class=\"menu-item menu-item-type-post_type menu-item-object-page menu-item-161\"><a href=\"https:\/\/solicitecondominial.com.br\/?page_id=148\" class=\"elementor-item\" tabindex=\"-1\">Quem Somos<\/a><\/li>\n<li class=\"menu-item menu-item-type-post_type menu-item-object-page menu-item-247\"><a href=\"https:\/\/solicitecondominial.com.br\/?page_id=212\" class=\"elementor-item\" tabindex=\"-1\">Expo Condominial<\/a><\/li>\n<li class=\"menu-item menu-item-type-post_type menu-item-object-page menu-item-248\"><a href=\"https:\/\/solicitecondominial.com.br\/?page_id=221\" class=\"elementor-item\" tabindex=\"-1\">ECB<\/a><\/li>\n<li class=\"menu-item menu-item-type-post_type menu-item-object-page menu-item-185\"><a href=\"https:\/\/solicitecondominial.com.br\/?page_id=175\" class=\"elementor-item\" tabindex=\"-1\">Anunciar<\/a><\/li>\n<li class=\"menu-item menu-item-type-post_type menu-item-object-page menu-item-249\"><a href=\"https:\/\/solicitecondominial.com.br\/?page_id=233\" class=\"elementor-item\" tabindex=\"-1\">Campanhas<\/a><\/li>\n<\/ul>\t\t\t<\/nav>\n\t\t\t\t\t\t<\/div>\n\t\t\t\t<\/div>\n\t\t\t\t<div class=\"elementor-element elementor-element-bd62381 elementor-widget elementor-widget-text-editor\" data-id=\"bd62381\" data-element_type=\"widget\" data-e-type=\"widget\" data-widget_type=\"text-editor.default\">\n\t\t\t\t<div class=\"elementor-widget-container\">\n\t\t\t\t\t\t\t\t\t<p><strong><span style=\"color: #ffffff;\">Anunciar<\/span><\/strong><\/p>\t\t\t\t\t\t\t\t<\/div>\n\t\t\t\t<\/div>\n\t\t\t\t\t<\/div>\n\t\t<\/div>\n\t\t\t\t\t<\/div>\n\t\t<\/section>\n\t\t\t\t<section class=\"elementor-section elementor-top-section elementor-element elementor-element-951a479 elementor-section-boxed elementor-section-height-default elementor-section-height-default\" data-id=\"951a479\" data-element_type=\"section\" data-e-type=\"section\">\n\t\t\t\t\t\t<div class=\"elementor-container elementor-column-gap-default\">\n\t\t\t\t\t<div class=\"elementor-column elementor-col-100 elementor-top-column elementor-element elementor-element-313ee5d\" data-id=\"313ee5d\" data-element_type=\"column\" data-e-type=\"column\">\n\t\t\t<div class=\"elementor-widget-wrap elementor-element-populated\">\n\t\t\t\t\t\t<div class=\"elementor-element elementor-element-03bacd2 elementor-widget elementor-widget-spacer\" data-id=\"03bacd2\" data-element_type=\"widget\" data-e-type=\"widget\" data-widget_type=\"spacer.default\">\n\t\t\t\t<div class=\"elementor-widget-container\">\n\t\t\t\t\t\t\t<div class=\"elementor-spacer\">\n\t\t\t<div class=\"elementor-spacer-inner\"><\/div>\n\t\t<\/div>\n\t\t\t\t\t\t<\/div>\n\t\t\t\t<\/div>\n\t\t\t\t\t<\/div>\n\t\t<\/div>\n\t\t\t\t\t<\/div>\n\t\t<\/section>\n\t\t\t\t<section class=\"elementor-section elementor-top-section elementor-element elementor-element-bbfa6d6 elementor-section-boxed elementor-section-height-default elementor-section-height-default\" data-id=\"bbfa6d6\" data-element_type=\"section\" data-e-type=\"section\">\n\t\t\t\t\t\t<div class=\"elementor-container elementor-column-gap-default\">\n\t\t\t\t\t<div class=\"elementor-column elementor-col-100 elementor-top-column elementor-element elementor-element-e84b8ca\" data-id=\"e84b8ca\" data-element_type=\"column\" data-e-type=\"column\">\n\t\t\t<div class=\"elementor-widget-wrap elementor-element-populated\">\n\t\t\t\t\t\t<div class=\"elementor-element elementor-element-b966270 elementor-widget elementor-widget-heading\" data-id=\"b966270\" data-element_type=\"widget\" data-e-type=\"widget\" data-widget_type=\"heading.default\">\n\t\t\t\t<div class=\"elementor-widget-container\">\n\t\t\t\t\t<h3 class=\"elementor-heading-title elementor-size-default\">Ecossistema Solicite Condominial 360\u00ba (Edi\u00e7\u00e3o 2026)\n<\/br><\/br>\n<\/h3>\t\t\t\t<\/div>\n\t\t\t\t<\/div>\n\t\t\t\t\t<\/div>\n\t\t<\/div>\n\t\t\t\t\t<\/div>\n\t\t<\/section>\n\t\t\t\t<section class=\"elementor-section elementor-top-section elementor-element elementor-element-7170276 elementor-section-boxed elementor-section-height-default elementor-section-height-default\" data-id=\"7170276\" data-element_type=\"section\" data-e-type=\"section\">\n\t\t\t\t\t\t<div class=\"elementor-container elementor-column-gap-default\">\n\t\t\t\t\t<div class=\"elementor-column elementor-col-100 elementor-top-column elementor-element elementor-element-6a618b3\" data-id=\"6a618b3\" data-element_type=\"column\" data-e-type=\"column\">\n\t\t\t<div class=\"elementor-widget-wrap elementor-element-populated\">\n\t\t\t\t\t\t<div class=\"elementor-element elementor-element-31317f9 elementor-widget elementor-widget-text-editor\" data-id=\"31317f9\" data-element_type=\"widget\" data-e-type=\"widget\" data-widget_type=\"text-editor.default\">\n\t\t\t\t<div class=\"elementor-widget-container\">\n\t\t\t\t\t\t\t\t\t<p>1. <strong>O Filtro de Entrada: Compliance no Portal<\/strong><br \/><br \/>Para receber cota\u00e7\u00f5es pelo solicitecondominial.com.br, sua empresa deve:<br \/><br \/>\u2022 Manter certid\u00f5es e documenta\u00e7\u00f5es t\u00e9cnicas rigorosamente em dia.<br \/>\u2022 Assinar o Termo de \u00c9tica e Transpar\u00eancia, combatendo or\u00e7amentos viciados.<br \/>\u2022 Responder \u00e0s solicita\u00e7\u00f5es com precis\u00e3o t\u00e9cnica no prazo estabelecido.<br \/><br \/>2. <strong>A Lapida\u00e7\u00e3o: Forma\u00e7\u00e3o na Escola ECB<\/strong><br \/><br \/>N\u00e3o basta vender; \u00e9 preciso saber entregar com o DNA do Ecossistema:<br \/><br \/>\u2022 Treinamento Obrigat\u00f3rio: Seus t\u00e9cnicos e prepostos devem concluir os m\u00f3dulos r\u00e1pidos das campanhas Capacitar (Efici\u00eancia) e Rompendo o Sil\u00eancio (Paz Social).<br \/>\u2022 Certifica\u00e7\u00e3o Humana: Sua equipe ser\u00e1 treinada para identificar vulnerabilidades e agir com \u00e9tica dentro do ambiente condominial.<br \/><br \/>3. <strong>O Teste de Fogo: Oficinas Pr\u00e1ticas na Expo<\/strong><br \/><br \/>A teoria termina onde a pr\u00e1tica come\u00e7a:<br \/><br \/>\u2022 Demonstra\u00e7\u00e3o ao Vivo: Para validar sua entrada no ecossistema, sua empresa participar\u00e1 das oficinas pr\u00e1ticas itinerantes da ExpoCondominial.<br \/>\u2022 Auditoria T\u00e9cnica: Nossos especialistas avaliar\u00e3o o uso de EPIs, a qualidade do material, o descarte de res\u00edduos (ESG) e a postura da equipe em campo.<br \/><br \/>4. <strong>O Pr\u00eamio: Selo Amigos do Condom\u00ednio<\/strong><br \/><br \/>Ao vencer as etapas de Sele\u00e7\u00e3o, Forma\u00e7\u00e3o e Auditoria, sua empresa conquista:<br \/><br \/>\u2022 Prefer\u00eancia nas Licita\u00e7\u00f5es: Destaque visual no Mapa Comparativo enviado ao s\u00edndico.<br \/>\u2022 Vitrine no Condominial News: Exposi\u00e7\u00e3o da sua marca como refer\u00eancia de mercado.<br \/>\u2022 Autoridade ESG: Uso do selo em seus materiais de marketing, atestando que voc\u00ea \u00e9 um fornecedor de Alta Performance.<\/p><p>&#8220;<strong>No Ecossistema Solicite 360\u00ba,<\/strong> n\u00f3s n\u00e3o buscamos o menor pre\u00e7o a qualquer custo. <strong>Buscamos parceiros que protejam o patrim\u00f4nio e as pessoas.<\/strong> Se sua empresa tem t\u00e9cnica e \u00e9tica, seu lugar \u00e9 aqui.&#8221;<\/p>\t\t\t\t\t\t\t\t<\/div>\n\t\t\t\t<\/div>\n\t\t\t\t\t<\/div>\n\t\t<\/div>\n\t\t\t\t\t<\/div>\n\t\t<\/section>\n\t\t\t\t<section class=\"elementor-section elementor-top-section elementor-element elementor-element-710961d elementor-section-boxed elementor-section-height-default elementor-section-height-default\" data-id=\"710961d\" data-element_type=\"section\" data-e-type=\"section\">\n\t\t\t\t\t\t<div class=\"elementor-container elementor-column-gap-default\">\n\t\t\t\t\t<div class=\"elementor-column elementor-col-100 elementor-top-column elementor-element elementor-element-058bb87\" data-id=\"058bb87\" data-element_type=\"column\" data-e-type=\"column\">\n\t\t\t<div class=\"elementor-widget-wrap elementor-element-populated\">\n\t\t\t\t\t\t<div class=\"elementor-element elementor-element-d3a04fe elementor-widget elementor-widget-spacer\" data-id=\"d3a04fe\" data-element_type=\"widget\" data-e-type=\"widget\" data-widget_type=\"spacer.default\">\n\t\t\t\t<div class=\"elementor-widget-container\">\n\t\t\t\t\t\t\t<div class=\"elementor-spacer\">\n\t\t\t<div class=\"elementor-spacer-inner\"><\/div>\n\t\t<\/div>\n\t\t\t\t\t\t<\/div>\n\t\t\t\t<\/div>\n\t\t\t\t\t<\/div>\n\t\t<\/div>\n\t\t\t\t\t<\/div>\n\t\t<\/section>\n\t\t\t\t<section class=\"elementor-section elementor-top-section elementor-element elementor-element-346c214 elementor-section-boxed elementor-section-height-default elementor-section-height-default\" data-id=\"346c214\" data-element_type=\"section\" data-e-type=\"section\" data-settings=\"{&quot;background_background&quot;:&quot;classic&quot;}\">\n\t\t\t\t\t\t<div class=\"elementor-container elementor-column-gap-default\">\n\t\t\t\t\t<div class=\"elementor-column elementor-col-100 elementor-top-column elementor-element elementor-element-c91d580\" data-id=\"c91d580\" data-element_type=\"column\" data-e-type=\"column\">\n\t\t\t<div class=\"elementor-widget-wrap elementor-element-populated\">\n\t\t\t\t\t\t<div class=\"elementor-element elementor-element-1165670 elementor-widget elementor-widget-spacer\" data-id=\"1165670\" data-element_type=\"widget\" data-e-type=\"widget\" data-widget_type=\"spacer.default\">\n\t\t\t\t<div class=\"elementor-widget-container\">\n\t\t\t\t\t\t\t<div class=\"elementor-spacer\">\n\t\t\t<div class=\"elementor-spacer-inner\"><\/div>\n\t\t<\/div>\n\t\t\t\t\t\t<\/div>\n\t\t\t\t<\/div>\n\t\t\t\t\t<\/div>\n\t\t<\/div>\n\t\t\t\t\t<\/div>\n\t\t<\/section>\n\t\t\t\t<section class=\"elementor-section elementor-top-section elementor-element elementor-element-6f86b20 elementor-section-boxed elementor-section-height-default elementor-section-height-default\" data-id=\"6f86b20\" data-element_type=\"section\" data-e-type=\"section\" data-settings=\"{&quot;background_background&quot;:&quot;classic&quot;}\">\n\t\t\t\t\t\t<div class=\"elementor-container elementor-column-gap-default\">\n\t\t\t\t\t<div class=\"elementor-column elementor-col-100 elementor-top-column elementor-element elementor-element-0f4ffc4\" data-id=\"0f4ffc4\" data-element_type=\"column\" data-e-type=\"column\">\n\t\t\t<div class=\"elementor-widget-wrap elementor-element-populated\">\n\t\t\t\t\t\t<div class=\"elementor-element elementor-element-d496ba3 elementor-nav-menu__align-center elementor-nav-menu__text-align-center elementor-nav-menu--dropdown-tablet elementor-nav-menu--toggle elementor-nav-menu--burger elementor-widget elementor-widget-nav-menu\" data-id=\"d496ba3\" data-element_type=\"widget\" data-e-type=\"widget\" data-settings=\"{&quot;layout&quot;:&quot;horizontal&quot;,&quot;submenu_icon&quot;:{&quot;value&quot;:&quot;&lt;i class=\\&quot;fas fa-caret-down\\&quot;&gt;&lt;\\\/i&gt;&quot;,&quot;library&quot;:&quot;fa-solid&quot;},&quot;toggle&quot;:&quot;burger&quot;}\" data-widget_type=\"nav-menu.default\">\n\t\t\t\t<div class=\"elementor-widget-container\">\n\t\t\t\t\t\t\t\t<nav migration_allowed=\"1\" migrated=\"0\" role=\"navigation\" class=\"elementor-nav-menu--main elementor-nav-menu__container elementor-nav-menu--layout-horizontal e--pointer-none\">\n\t\t\t\t<ul id=\"menu-1-d496ba3\" class=\"elementor-nav-menu\"><li class=\"menu-item menu-item-type-custom menu-item-object-custom menu-item-home menu-item-189\"><a href=\"https:\/\/solicitecondominial.com.br\" class=\"elementor-item\">Home<\/a><\/li>\n<li class=\"menu-item menu-item-type-post_type menu-item-object-page menu-item-242\"><a href=\"https:\/\/solicitecondominial.com.br\/?page_id=206\" class=\"elementor-item\">Licita\u00e7\u00f5es<\/a><\/li>\n<li class=\"menu-item menu-item-type-custom menu-item-object-custom menu-item-190\"><a href=\"#\" class=\"elementor-item elementor-item-anchor\">Loja<\/a><\/li>\n<li class=\"menu-item menu-item-type-post_type menu-item-object-page menu-item-186\"><a href=\"https:\/\/solicitecondominial.com.br\/?page_id=148\" class=\"elementor-item\">Quem Somos<\/a><\/li>\n<li class=\"menu-item menu-item-type-post_type menu-item-object-page menu-item-243\"><a href=\"https:\/\/solicitecondominial.com.br\/?page_id=212\" class=\"elementor-item\">Expo Condominial<\/a><\/li>\n<li class=\"menu-item menu-item-type-post_type menu-item-object-page menu-item-244\"><a href=\"https:\/\/solicitecondominial.com.br\/?page_id=221\" class=\"elementor-item\">ECB<\/a><\/li>\n<li class=\"menu-item menu-item-type-post_type menu-item-object-page menu-item-187\"><a href=\"https:\/\/solicitecondominial.com.br\/?page_id=175\" class=\"elementor-item\">Anunciar<\/a><\/li>\n<li class=\"menu-item menu-item-type-post_type menu-item-object-page menu-item-245\"><a href=\"https:\/\/solicitecondominial.com.br\/?page_id=233\" class=\"elementor-item\">Campanhas<\/a><\/li>\n<\/ul>\t\t\t<\/nav>\n\t\t\t\t\t<div class=\"elementor-menu-toggle\" role=\"button\" tabindex=\"0\" aria-label=\"Menu Toggle\" aria-expanded=\"false\">\n\t\t\t<i aria-hidden=\"true\" role=\"presentation\" class=\"elementor-menu-toggle__icon--open eicon-menu-bar\"><\/i><i aria-hidden=\"true\" role=\"presentation\" class=\"elementor-menu-toggle__icon--close eicon-close\"><\/i>\t\t\t<span class=\"elementor-screen-only\">Menu<\/span>\n\t\t<\/div>\n\t\t\t<nav class=\"elementor-nav-menu--dropdown elementor-nav-menu__container\" role=\"navigation\" aria-hidden=\"true\">\n\t\t\t\t<ul id=\"menu-2-d496ba3\" class=\"elementor-nav-menu\"><li class=\"menu-item menu-item-type-custom menu-item-object-custom menu-item-home menu-item-189\"><a href=\"https:\/\/solicitecondominial.com.br\" class=\"elementor-item\" tabindex=\"-1\">Home<\/a><\/li>\n<li class=\"menu-item menu-item-type-post_type menu-item-object-page menu-item-242\"><a href=\"https:\/\/solicitecondominial.com.br\/?page_id=206\" class=\"elementor-item\" tabindex=\"-1\">Licita\u00e7\u00f5es<\/a><\/li>\n<li class=\"menu-item menu-item-type-custom menu-item-object-custom menu-item-190\"><a href=\"#\" class=\"elementor-item elementor-item-anchor\" tabindex=\"-1\">Loja<\/a><\/li>\n<li class=\"menu-item menu-item-type-post_type menu-item-object-page menu-item-186\"><a href=\"https:\/\/solicitecondominial.com.br\/?page_id=148\" class=\"elementor-item\" tabindex=\"-1\">Quem Somos<\/a><\/li>\n<li class=\"menu-item menu-item-type-post_type menu-item-object-page menu-item-243\"><a href=\"https:\/\/solicitecondominial.com.br\/?page_id=212\" class=\"elementor-item\" tabindex=\"-1\">Expo Condominial<\/a><\/li>\n<li class=\"menu-item menu-item-type-post_type menu-item-object-page menu-item-244\"><a href=\"https:\/\/solicitecondominial.com.br\/?page_id=221\" class=\"elementor-item\" tabindex=\"-1\">ECB<\/a><\/li>\n<li class=\"menu-item menu-item-type-post_type menu-item-object-page menu-item-187\"><a href=\"https:\/\/solicitecondominial.com.br\/?page_id=175\" class=\"elementor-item\" tabindex=\"-1\">Anunciar<\/a><\/li>\n<li class=\"menu-item menu-item-type-post_type menu-item-object-page menu-item-245\"><a href=\"https:\/\/solicitecondominial.com.br\/?page_id=233\" class=\"elementor-item\" tabindex=\"-1\">Campanhas<\/a><\/li>\n<\/ul>\t\t\t<\/nav>\n\t\t\t\t\t\t<\/div>\n\t\t\t\t<\/div>\n\t\t\t\t<div class=\"elementor-element elementor-element-72d8406 elementor-widget-divider--view-line elementor-widget elementor-widget-divider\" data-id=\"72d8406\" data-element_type=\"widget\" data-e-type=\"widget\" data-widget_type=\"divider.default\">\n\t\t\t\t<div class=\"elementor-widget-container\">\n\t\t\t\t\t\t\t<div class=\"elementor-divider\">\n\t\t\t<span class=\"elementor-divider-separator\">\n\t\t\t\t\t\t<\/span>\n\t\t<\/div>\n\t\t\t\t\t\t<\/div>\n\t\t\t\t<\/div>\n\t\t\t\t<div class=\"elementor-element elementor-element-b0e4e59 elementor-widget elementor-widget-text-editor\" data-id=\"b0e4e59\" data-element_type=\"widget\" data-e-type=\"widget\" data-widget_type=\"text-editor.default\">\n\t\t\t\t<div class=\"elementor-widget-container\">\n\t\t\t\t\t\t\t\t\t<p style=\"text-align: center;\"><span class=\"a_GcMg font-feature-liga-off font-feature-clig-off font-feature-calt-off text-decoration-none text-strikethrough-none\" style=\"color: #ffffff;\">A Solicite Condominial \u00e9 uma empresa goiana, com plataforma f\u00edsica e e-commerce, inscrita sob o CNPJ 55.955.187\/0001-79, <br \/>especializada em solu\u00e7\u00f5es completas para ambientes condominiais.<\/span><\/p>\t\t\t\t\t\t\t\t<\/div>\n\t\t\t\t<\/div>\n\t\t\t\t\t<\/div>\n\t\t<\/div>\n\t\t\t\t\t<\/div>\n\t\t<\/section>\n\t\t\t\t<section class=\"elementor-section elementor-top-section elementor-element elementor-element-ef265d3 elementor-section-boxed elementor-section-height-default elementor-section-height-default\" data-id=\"ef265d3\" data-element_type=\"section\" data-e-type=\"section\">\n\t\t\t\t\t\t<div class=\"elementor-container elementor-column-gap-default\">\n\t\t\t\t\t<div class=\"elementor-column elementor-col-100 elementor-top-column elementor-element elementor-element-4455f51\" data-id=\"4455f51\" data-element_type=\"column\" data-e-type=\"column\">\n\t\t\t<div class=\"elementor-widget-wrap elementor-element-populated\">\n\t\t\t\t\t\t<div class=\"elementor-element elementor-element-3b8f223 elementor-widget elementor-widget-text-editor\" data-id=\"3b8f223\" data-element_type=\"widget\" data-e-type=\"widget\" data-widget_type=\"text-editor.default\">\n\t\t\t\t<div class=\"elementor-widget-container\">\n\t\t\t\t\t\t\t\t\t<p style=\"text-align: center;\">Ecossistema Solicite 360\u00b0 2026 \u00a9 Todos os direitos reservados \u2013 Desenvolvimento Web IMX Virtual<\/p>\t\t\t\t\t\t\t\t<\/div>\n\t\t\t\t<\/div>\n\t\t\t\t\t<\/div>\n\t\t<\/div>\n\t\t\t\t\t<\/div>\n\t\t<\/section>\n\t\t\t\t<\/div>\n\t\t","protected":false},"excerpt":{"rendered":"<p>Anunciar Ecossistema Solicite Condominial 360\u00ba (Edi\u00e7\u00e3o 2026) 1. O Filtro de Entrada: Compliance no Portal Para receber cota\u00e7\u00f5es pelo solicitecondominial.com.br, sua empresa deve: \u2022 Manter certid\u00f5es e documenta\u00e7\u00f5es t\u00e9cnicas rigorosamente em dia.\u2022 Assinar o Termo de \u00c9tica e Transpar\u00eancia, combatendo or\u00e7amentos viciados.\u2022 Responder \u00e0s solicita\u00e7\u00f5es com precis\u00e3o t\u00e9cnica no prazo estabelecido. 2. A Lapida\u00e7\u00e3o: Forma\u00e7\u00e3o [&hellip;]<\/p>\n","protected":false},"author":1,"featured_media":0,"parent":0,"menu_order":0,"comment_status":"closed","ping_status":"closed","template":"elementor_canvas","meta":{"footnotes":""},"class_list":["post-175","page","type-page","status-publish","hentry"],"_links":{"self":[{"href":"https:\/\/solicitecondominial.com.br\/index.php?rest_route=\/wp\/v2\/pages\/175","targetHints":{"allow":["GET"]}}],"collection":[{"href":"https:\/\/solicitecondominial.com.br\/index.php?rest_route=\/wp\/v2\/pages"}],"about":[{"href":"https:\/\/solicitecondominial.com.br\/index.php?rest_route=\/wp\/v2\/types\/page"}],"author":[{"embeddable":true,"href":"https:\/\/solicitecondominial.com.br\/index.php?rest_route=\/wp\/v2\/users\/1"}],"replies":[{"embeddable":true,"href":"https:\/\/solicitecondominial.com.br\/index.php?rest_route=%2Fwp%2Fv2%2Fcomments&post=175"}],"version-history":[{"count":10,"href":"https:\/\/solicitecondominial.com.br\/index.php?rest_route=\/wp\/v2\/pages\/175\/revisions"}],"predecessor-version":[{"id":199,"href":"https:\/\/solicitecondominial.com.br\/index.php?rest_route=\/wp\/v2\/pages\/175\/revisions\/199"}],"wp:attachment":[{"href":"https:\/\/solicitecondominial.com.br\/index.php?rest_route=%2Fwp%2Fv2%2Fmedia&parent=175"}],"curies":[{"name":"wp","href":"https:\/\/api.w.org\/{rel}","templated":true}]}}